by 711930.
25
Calculate the remainder when 196622 is divided by 851.
41
What is the remainder when 20858 is divided by 1277?
426
What is the remainder when 2505357095 is divided by 58?
57
What is the remainder when 34057072 is divided by 2619771?
49
What is the remainder when 49753 is divided by 11760?
2713
Calculate the remainder when 1735709 is divided by 102100.
9
What is the remainder when 395942 is divided by 98888?
390
What is the remainder when 207461 is divided by 34237?
2039
Calculate the remainder when 53428 is divided by 1413.
1147
Calculate the remainder when 14100750 is divided by 3196.
3194
What is the remainder when 345823 is divided by 115125?
448
Calculate the remainder when 244145 is divided by 1054.
671
Calculate the remainder when 3427655 is divided by 15302.
7
Calculate the remainder when 999083 is divided by 9.
2
What is the remainder when 29365 is divided by 2905?
315
What is the remainder when 1238773 is divided by 51615?
13
What is the remainder when 456090 is divided by 9904?
506
What is the remainder when 715820 is divided by 1343?
1
Calculate the remainder when 5583314 is divided by 26.
22
Calculate the remainder when 3120557 is divided by 23.
9
What is the remainder when 314446 is divided by 1819?
1578
Calculate the remainder when 1461233688 is divided by 901.
898
Calculate the remainder when 1036621 is divided by 111.
103
What is the remainder when 122140738 is divided by 63?
55
Calculate the remainder when 385862 is divided by 8573.
77
What is the remainder when 6967453 is divided by 16?
13
Calculate the remainder when 140858504 is divided by 5.
4
Calculate the remainder when 3314294 is divided by 37233.
557
Calculate the remainder when 13146785 is divided by 30.
5
Calculate the remainder when 30364 is divided by 2722.
422
What is the remainder when 405835580 is divided by 16?
12
Calculate the remainder when 3312651969 is divided by 993.
990
Calculate the remainder when 3517645 is divided by 11.
10
Calculate the remainder when 120698 is divided by 30162.
50
What is the remainder when 155798 is divided by 11972?
162
What is the remainder when 91632 is divided by 45733?
166
What is the remainder when 692521 is divided by 582?
523
What is the remainder when 1345506 is divided by 1345424?
82
What is the remainder when 323712 is divided by 654?
636
What is the remainder when 1472650 is divided by 3?
1
Calculate the remainder when 26310 is divided by 12221.
1868
What is the remainder when 2031287 is divided by 3899?
3807
What is the remainder when 157363 is divided by 78636?
91
Calculate the remainder when 2066 is divided by 993.
80
Calculate the remainder when 63594748 is divided by 21198245.
13
What is the remainder when 871271 is divided by 6915?
6896
Calculate the remainder when 102393980 is divided by 5769.
5768
What is the remainder when 2566010 is divided by 657?
425
Calculate the remainder when 10237486 is divided by 1137498.
4
Calculate the remainder when 8600955 is divided by 138.
105
What is the remainder when 2022832 is divided by 3452?
3412
What is the remainder when 42675 is divided by 14185?
120
What is the remainder when 30188 is divided by 697?
217
What is the remainder when 902394 is divided by 499?
202
Calculate the remainder when 1916016 is divided by 177.
168
Calculate the remainder when 1782824 is divided by 482.
388
Calculate the remainder when 71919 is divided by 2660.
99
What is the remainder when 406075597 is divided by 2380?
2377
Calculate the remainder when 160589214 is divided by 67.
63
What is the remainder when 30454936 is divided by 10151617?
85
What is the remainder when 3660250 is divided by 558?
328
What is the remainder when 89182 is divided by 22282?
54
What is the remainder when 77936 is divided by 170?
76
What is the remainder when 5860794 is divided by 1850?
1844
What is the remainder when 738116 is divided by 4857?
4709
Calculate the remainder when 10900367 is divided by 51.
35
Calculate the remainder when 28415843 is divided by 9471946.
5
What is the remainder when 1119779 is divided by 5293?
2956
Calculate the remainder when 20031 is divided by 18582.
1449
Calculate the remainder when 43299690 is divided by 45.
15
Calculate the remainder when 14761613 is divided by 64.
13
Calculate the remainder when 213522 is divided by 35382.
1230
What is the remainder when 14349783 is divided by 367940?
123
Calculate the remainder when 39918633 is divided by 89.
86
Calculate the remainder when 1547077 is divided by 46.
5
What is the remainder when 2419343 is divided by 483787?
408
Calculate the remainder when 196118 is divided by 97986.
146
Calculate the remainder when 860836 is divided by 206.
168
Calculate the remainder when 44024 is divided by 42249.
1775
What is the remainder when 1603959 is divided by 19801?
78
Calculate the remainder when 2339782 is divided by 5763.
4
What is the remainder when 513638 is divided by 4175?
113
What is the remainder when 44943014 is divided by 414?
2
Calculate the remainder when 758842 is divided by 12.
10
Calculate the remainder when 12500710 is divided by 13384.
54
Calculate the remainder when 105395323 is divided by 667059.
1
Calculate the remainder when 993343 is divided by 18394.
67
What is the remainder when 60886119 is divided by 2255041?
12
Calculate the remainder when 16360 is divided by 483.
421
What is the remainder when 67973967 is divided by 22657985?
12
What is the remainder when 797067 is divided by 72460?
7
What is the remainder when 711888 is divided by 3848?
8
Calculate the remainder when 6835542 is divided by 77.
21
Calculate the remainder when 8803401 is divided by 1746.
69
Calculate the remainder when 772500 is divided by 3593.
5
Calculate the remainder when 18028698 is divided by 3498.
6
What is the remainder when 352414 is divided by 352388?
26
What is the remainder when 2868126 is divided by 46?
26
Calculate the remainder when 37278 is divided by 9315.
18
Calculate the remainder when 881867 is divided by 8922.
7511
What is the remainder when 226804268 is divided by 56701065?
8
Calculate the remainder when 278946877 is divided by 522.
517
Calculate the remainder when 44487 is divided by 195.
27
What is the remainder when 2221913 is divided by 11756?
29
What is the remainder when 508868 is divided by 127170?
188
What is the remainder when 5084338 is divided by 1362?
1354
What is the remainder when 195969454 is divided by 17?
16
What is the remainder when 6976950 is divided by 40?
30
Calculate the remainder when 29111615 is divided by 1836.
1835
Calculate the remainder when 4340783 is divided by 3755.
3
What is the remainder when 31093829 is divided by 14?
11
What is the remainder when 98420 is divided by 32080?
2180
Calculate the remainder when 148485 is divided by 148464.
21
Calculate the remainder when 1625488 is divided by 12319.
11699
What is the remainder when 1482262 is divided by 187?
100
Calculate the remainder when 928598 is divided by 991.
31
What is the remainder when 2312653 is divided by 336?
301
What is the remainder when 9079149 is divided by 4517?
4496
What is the remainder when 9322604 is divided by 1336?
1332
What is the remainder when 11476133 is divided by 505?
8
Calculate the remainder when 171159 is divided by 495.
384
What is the remainder when 23952980 is divided by 3992160?
20
What is the remainder when 32469 is divided by 1158?
45
Calculate the remainder when 23533598 is divided by 230.
228
What is the remainder when 107270 is divided by 4245?
1145
Calculate the remainder when 1349553 is divided by 8389.
7313
Calculate the remainder when 4684571 is divided by 275561.
34
Calculate the remainder when 44267 is divided by 542.
365
What is the remainder when 104414 is divided by 4306?
1070
What is the remainder when 2127429 is divided by 974?
213
What is the remainder when 369681686 is divided by 361?
358
Calculate the remainder when 288072 is divided by 5060.
4712
What is the remainder when 1507870 is divided by 331?
165
What is the remainder when 206882 is divided by 34477?
20
Calculate the remainder when 4247279 is divided by 26.
23
What is the remainder when 2119491 is divided by 196?
143
What is the remainder when 1394330 is divided by 697123?
84
What is the remainder when 6445069 is divided by 161126?